{"id":83,"date":"2007-10-26T18:32:47","date_gmt":"2007-10-26T16:32:47","guid":{"rendered":"http:\/\/atest2000.pl\/konkursy\/regulamin\/"},"modified":"2007-10-26T18:32:47","modified_gmt":"2007-10-26T16:32:47","slug":"regulamin","status":"publish","type":"page","link":"http:\/\/atest2000.pl\/?page_id=83","title":{"rendered":"Regulamin"},"content":{"rendered":"<h3 class=\"txtbc\">.:: Konkurs &#8222;Zdj\u0119cie Miesi\u0105ca&#8221; ::.<\/h3>\n<p class=\"txtbc\">REGULAMIN<\/p>\n<ol>\n<li>Konkurs &#8222;Zdj\u0119cie Miesi\u0105ca&#8221; jest wewn\u0119trznym konkursem Jaros\u0142awskiego Towarzystwa Fotograficznego<\/li>\n<li>W konkursie &#8222;Zdj\u0119cie Miesi\u0105ca&#8221; mog\u0105 bra\u0107 udzia\u0142 wy\u0142\u0105cznie cz\u0142onkowie JTF.<\/li>\n<li>Ka\u017cdy z cz\u0142onk\u00f3w JTF do konkursu &#8222;Zdj\u0119cie Miesi\u0105ca&#8221; mo\u017ce zg\u0142osi\u0107 wykonane przez siebie prace w formacie minimum 13&#215;18 cm. (dok\u0142adn\u0105 ilo\u015b\u0107 prac na ka\u017cd\u0105 edycj\u0119 konkursu ustala prezes JTF).<\/li>\n<li>Zg\u0142oszenie pracy jej kr\u00f3tka prezentacja przez autora i wyb\u00f3r najlepszej fotografii w konkursie &#8222;Zdj\u0119cie Miesi\u0105ca&#8221; odbywa si\u0119 na spotkaniu JTF odbywaj\u0105cym si\u0119 w ostatni czwartek miesi\u0105ca.<\/li>\n<li>W czasie wyboru zdj\u0119cia konkurs &#8222;Zdj\u0119cie Miesi\u0105ca&#8221; ka\u017cdy z cz\u0142onk\u00f3w JTF ma prawo do oddania tylko jednego g\u0142osu na wybran\u0105 przez siebie fotografi\u0119.<\/li>\n<li>Nie wolno g\u0142osowa\u0107 na w\u0142asn\u0105 fotografi\u0119.<\/li>\n<li>Zdj\u0119cie, kt\u00f3re otrzyma najwy\u017csz\u0105 liczb\u0119 g\u0142os\u00f3w zostaje og\u0142oszone <strong>Zdj\u0119ciem Miesi\u0105ca.<\/strong><\/li>\n<li>Zdj\u0119cie Miesi\u0105ca prezentowane jest na stronie internetowej Atestu oraz na dorocznej wystawie &#8222;Prezentacje&#8221; JTF &#8211; odbywaj\u0105cej si\u0119 pod koniec roku.<\/li>\n<li>Cz\u0142onek JTF zg\u0142aszaj\u0105c zdj\u0119cie do Konkursu &#8222;Zdj\u0119cie Miesi\u0105ca&#8221; wyra\u017ca zgod\u0119 na bezp\u0142atne publikowanie swojej fotografii na\u00a0stronie internetowej Atestu.<\/li>\n<\/ol>\n<p align=\"right\" class=\"txti\"><em>\/Zarz\u0105d JTF\/<\/em><\/p>\n<p align=\"center\">&nbsp;<\/p>\n","protected":false},"excerpt":{"rendered":"<p>.:: Konkurs &#8222;Zdj\u0119cie Miesi\u0105ca&#8221; ::. REGULAMIN Konkurs &#8222;Zdj\u0119cie Miesi\u0105ca&#8221; jest wewn\u0119trznym konkursem Jaros\u0142awskiego Towarzystwa Fotograficznego W konkursie &#8222;Zdj\u0119cie Miesi\u0105ca&#8221; mog\u0105 bra\u0107 udzia\u0142 wy\u0142\u0105cznie cz\u0142onkowie JTF. Ka\u017cdy z cz\u0142onk\u00f3w JTF do konkursu &#8222;Zdj\u0119cie Miesi\u0105ca&#8221; mo\u017ce zg\u0142osi\u0107 wykonane przez siebie prace w &hellip; <a href=\"http:\/\/atest2000.pl\/?page_id=83\" >Czytaj dalej <span class=\"meta-nav\">&rarr;<\/span><\/a><\/p>\n","protected":false},"author":1,"featured_media":0,"parent":81,"menu_order":0,"comment_status":"closed","ping_status":"closed","template":"","meta":[],"_links":{"self":[{"href":"http:\/\/atest2000.pl\/index.php?rest_route=\/wp\/v2\/pages\/83"}],"collection":[{"href":"http:\/\/atest2000.pl\/index.php?rest_route=\/wp\/v2\/pages"}],"about":[{"href":"http:\/\/atest2000.pl\/index.php?rest_route=\/wp\/v2\/types\/page"}],"author":[{"embeddable":true,"href":"http:\/\/atest2000.pl\/index.php?rest_route=\/wp\/v2\/users\/1"}],"replies":[{"embeddable":true,"href":"http:\/\/atest2000.pl\/index.php?rest_route=%2Fwp%2Fv2%2Fcomments&post=83"}],"version-history":[{"count":0,"href":"http:\/\/atest2000.pl\/index.php?rest_route=\/wp\/v2\/pages\/83\/revisions"}],"up":[{"embeddable":true,"href":"http:\/\/atest2000.pl\/index.php?rest_route=\/wp\/v2\/pages\/81"}],"wp:attachment":[{"href":"http:\/\/atest2000.pl\/index.php?rest_route=%2Fwp%2Fv2%2Fmedia&parent=83"}],"curies":[{"name":"wp","href":"https:\/\/api.w.org\/{rel}","templated":true}]}}

<h3 class="txtbc">.:: Konkurs &#8222;Zdjęcie Miesiąca&#8221; ::.</h3>
<p class="txtbc">REGULAMIN</p>
<ol>
<li>Konkurs &#8222;Zdjęcie Miesiąca&#8221; jest wewnętrznym konkursem Jarosławskiego Towarzystwa Fotograficznego</li>
<li>W konkursie &#8222;Zdjęcie Miesiąca&#8221; mogą brać udział wyłącznie członkowie JTF.</li>
<li>Każdy z członków JTF do konkursu &#8222;Zdjęcie Miesiąca&#8221; może zgłosić wykonane przez siebie prace w formacie minimum 13&#215;18 cm. (dokładną ilość prac na każdą edycję konkursu ustala prezes JTF).</li>
<li>Zgłoszenie pracy jej krótka prezentacja przez autora i wybór najlepszej fotografii w konkursie &#8222;Zdjęcie Miesiąca&#8221; odbywa się na spotkaniu JTF odbywającym się w ostatni czwartek miesiąca.</li>
<li>W czasie wyboru zdjęcia konkurs &#8222;Zdjęcie Miesiąca&#8221; każdy z członków JTF ma prawo do oddania tylko jednego głosu na wybraną przez siebie fotografię.</li>
<li>Nie wolno głosować na własną fotografię.</li>
<li>Zdjęcie, które otrzyma najwyższą liczbę głosów zostaje ogłoszone <strong>Zdjęciem Miesiąca.</strong></li>
<li>Zdjęcie Miesiąca prezentowane jest na stronie internetowej Atestu oraz na dorocznej wystawie &#8222;Prezentacje&#8221; JTF &#8211; odbywającej się pod koniec roku.</li>
<li>Członek JTF zgłaszając zdjęcie do Konkursu &#8222;Zdjęcie Miesiąca&#8221; wyraża zgodę na bezpłatne publikowanie swojej fotografii na stronie internetowej Atestu.</li>
</ol>
<p align="right" class="txti"><em>/Zarząd JTF/</em></p>
<p align="center">&nbsp;</p>

<p>.:: Konkurs &#8222;Zdjęcie Miesiąca&#8221; ::. REGULAMIN Konkurs &#8222;Zdjęcie Miesiąca&#8221; jest wewnętrznym konkursem Jarosławskiego Towarzystwa Fotograficznego W konkursie &#8222;Zdjęcie Miesiąca&#8221; mogą brać udział wyłącznie członkowie JTF. Każdy z członków JTF do konkursu &#8222;Zdjęcie Miesiąca&#8221; może zgłosić wykonane przez siebie prace w &hellip; <a href="http://atest2000.pl/?page_id=83" >Czytaj dalej <span class="meta-nav">&rarr;</span></a></p>
